{"id":923,"date":"2023-12-07T21:28:29","date_gmt":"2023-12-07T20:28:29","guid":{"rendered":"https:\/\/kuwavizuri-massage.re\/?page_id=923"},"modified":"2025-05-12T18:30:38","modified_gmt":"2025-05-12T16:30:38","slug":"onavi","status":"publish","type":"page","link":"https:\/\/kuwavizuri-massage.re\/?page_id=923","title":{"rendered":"massage Onavi"},"content":{"rendered":"\n<div class=\"wp-block-media-text is-stacked-on-mobile\" style=\"grid-template-columns:34% auto\"><figure class=\"wp-block-media-text__media\"><img loading=\"lazy\" decoding=\"async\" width=\"736\" height=\"920\" src=\"https:\/\/kuwavizuri-massage.re\/wp-content\/uploads\/2023\/12\/Japan.jpg\" alt=\"\" class=\"wp-image-1185 size-full\" srcset=\"https:\/\/kuwavizuri-massage.re\/wp-content\/uploads\/2023\/12\/Japan.jpg 736w, https:\/\/kuwavizuri-massage.re\/wp-content\/uploads\/2023\/12\/Japan-240x300.jpg 240w\" sizes=\"auto, (max-width: 736px) 100vw, 736px\" \/><\/figure><div class=\"wp-block-media-text__content\">\n<p><strong>D&#8217;Eric Darves-Bornoz<\/strong><\/p>\n\n\n\n<p><strong>(M\u00e9lange de techniques Cor\u00e9ennes et de pratiques des indiens d&#8217;Amazonie)<\/strong><\/p>\n\n\n\n<p>Techniques vibratoires et ondulatoires pour un l\u00e2cher-prise profond, se pratique sur personnes habill\u00e9es ou d\u00e9shabill\u00e9es, sans l&#8217;huile.<\/p>\n\n\n\n<p class=\"has-text-align-center\"><strong>45 min = 60 \u20ac<\/strong><\/p>\n<\/div><\/div>\n","protected":false},"excerpt":{"rendered":"<p>D&#8217;Eric Darves-Bornoz (M\u00e9lange de techniques Cor\u00e9ennes et de pratiques des indiens d&#8217;Amazonie) Techniques vibratoires et ondulatoires pour un l\u00e2cher-prise profond, se pratique sur personnes habill\u00e9es ou d\u00e9shabill\u00e9es, sans l&#8217;huile. 45 min = 60 \u20ac<\/p>\n","protected":false},"author":1,"featured_media":0,"parent":0,"menu_order":0,"comment_status":"closed","ping_status":"closed","template":"","meta":{"_kadence_starter_templates_imported_post":false,"_kad_post_transparent":"","_kad_post_title":"","_kad_post_layout":"","_kad_post_sidebar_id":"","_kad_post_content_style":"","_kad_post_vertical_padding":"","_kad_post_feature":"","_kad_post_feature_position":"","_kad_post_header":false,"_kad_post_footer":false,"_kad_post_classname":"","footnotes":""},"class_list":["post-923","page","type-page","status-publish","hentry"],"_links":{"self":[{"href":"https:\/\/kuwavizuri-massage.re\/index.php?rest_route=\/wp\/v2\/pages\/923","targetHints":{"allow":["GET"]}}],"collection":[{"href":"https:\/\/kuwavizuri-massage.re\/index.php?rest_route=\/wp\/v2\/pages"}],"about":[{"href":"https:\/\/kuwavizuri-massage.re\/index.php?rest_route=\/wp\/v2\/types\/page"}],"author":[{"embeddable":true,"href":"https:\/\/kuwavizuri-massage.re\/index.php?rest_route=\/wp\/v2\/users\/1"}],"replies":[{"embeddable":true,"href":"https:\/\/kuwavizuri-massage.re\/index.php?rest_route=%2Fwp%2Fv2%2Fcomments&post=923"}],"version-history":[{"count":5,"href":"https:\/\/kuwavizuri-massage.re\/index.php?rest_route=\/wp\/v2\/pages\/923\/revisions"}],"predecessor-version":[{"id":1333,"href":"https:\/\/kuwavizuri-massage.re\/index.php?rest_route=\/wp\/v2\/pages\/923\/revisions\/1333"}],"wp:attachment":[{"href":"https:\/\/kuwavizuri-massage.re\/index.php?rest_route=%2Fwp%2Fv2%2Fmedia&parent=923"}],"curies":[{"name":"wp","href":"https:\/\/api.w.org\/{rel}","templated":true}]}}