{"id":926,"date":"2023-12-07T21:38:02","date_gmt":"2023-12-07T20:38:02","guid":{"rendered":"https:\/\/kuwavizuri-massage.re\/?page_id=926"},"modified":"2025-05-12T18:31:15","modified_gmt":"2025-05-12T16:31:15","slug":"massage-global-chinois","status":"publish","type":"page","link":"https:\/\/kuwavizuri-massage.re\/?page_id=926","title":{"rendered":"Massage global chinois"},"content":{"rendered":"\n<div class=\"wp-block-media-text is-stacked-on-mobile\" style=\"grid-template-columns:28% auto\"><figure class=\"wp-block-media-text__media\"><img loading=\"lazy\" decoding=\"async\" width=\"640\" height=\"960\" src=\"https:\/\/kuwavizuri-massage.re\/wp-content\/uploads\/2023\/12\/telecharger-23.jpg\" alt=\"\" class=\"wp-image-1187 size-full\" srcset=\"https:\/\/kuwavizuri-massage.re\/wp-content\/uploads\/2023\/12\/telecharger-23.jpg 640w, https:\/\/kuwavizuri-massage.re\/wp-content\/uploads\/2023\/12\/telecharger-23-200x300.jpg 200w\" sizes=\"auto, (max-width: 640px) 100vw, 640px\" \/><\/figure><div class=\"wp-block-media-text__content\">\n<p class=\"has-medium-font-size\"><strong>le Global Chinois.<\/strong><br>H\u00e9ritier de la m\u00e9decine traditionnelle chinoise.<\/p>\n\n\n\n<p>Ce massage vise \u00e0 harmoniser la circulation \u00e9nerg\u00e9tique dans le corps et l&#8217;esprit \u00e0 l&#8217;aide de techniques du Tui-Na ( un massage chinois traditionnel ).<\/p>\n\n\n\n<p><font style=\"vertical-align: inherit;\"><font style=\"vertical-align: inherit;\">Il favorise l&#8217;\u00e9limination des blocages et la lib\u00e9ration des tensions. Permet la r\u00e9duction du stress, l&#8217;apaisement du syst\u00e8me nerveux et un meilleur sommeil.<\/font><\/font><\/p>\n\n\n\n<p class=\"has-text-align-center\"><strong>35 minutes = 50 \u20ac<\/strong><\/p>\n<\/div><\/div>\n","protected":false},"excerpt":{"rendered":"<p>le Global Chinois.H\u00e9ritier de la m\u00e9decine traditionnelle chinoise. Ce massage vise \u00e0 harmoniser la circulation \u00e9nerg\u00e9tique dans le corps et l&#8217;esprit \u00e0 l&#8217;aide de techniques du Tui-Na ( un massage chinois traditionnel ). Il favorise l&#8217;\u00e9limination des blocages et la lib\u00e9ration des tensions. Permet la r\u00e9duction du stress, l&#8217;apaisement du syst\u00e8me nerveux et un meilleur&#8230;<\/p>\n","protected":false},"author":1,"featured_media":0,"parent":0,"menu_order":0,"comment_status":"closed","ping_status":"closed","template":"","meta":{"_kadence_starter_templates_imported_post":false,"_kad_post_transparent":"disable","_kad_post_title":"","_kad_post_layout":"fullwidth","_kad_post_sidebar_id":"","_kad_post_content_style":"unboxed","_kad_post_vertical_padding":"hide","_kad_post_feature":"","_kad_post_feature_position":"","_kad_post_header":false,"_kad_post_footer":false,"_kad_post_classname":"","footnotes":""},"class_list":["post-926","page","type-page","status-publish","hentry"],"_links":{"self":[{"href":"https:\/\/kuwavizuri-massage.re\/index.php?rest_route=\/wp\/v2\/pages\/926","targetHints":{"allow":["GET"]}}],"collection":[{"href":"https:\/\/kuwavizuri-massage.re\/index.php?rest_route=\/wp\/v2\/pages"}],"about":[{"href":"https:\/\/kuwavizuri-massage.re\/index.php?rest_route=\/wp\/v2\/types\/page"}],"author":[{"embeddable":true,"href":"https:\/\/kuwavizuri-massage.re\/index.php?rest_route=\/wp\/v2\/users\/1"}],"replies":[{"embeddable":true,"href":"https:\/\/kuwavizuri-massage.re\/index.php?rest_route=%2Fwp%2Fv2%2Fcomments&post=926"}],"version-history":[{"count":6,"href":"https:\/\/kuwavizuri-massage.re\/index.php?rest_route=\/wp\/v2\/pages\/926\/revisions"}],"predecessor-version":[{"id":1334,"href":"https:\/\/kuwavizuri-massage.re\/index.php?rest_route=\/wp\/v2\/pages\/926\/revisions\/1334"}],"wp:attachment":[{"href":"https:\/\/kuwavizuri-massage.re\/index.php?rest_route=%2Fwp%2Fv2%2Fmedia&parent=926"}],"curies":[{"name":"wp","href":"https:\/\/api.w.org\/{rel}","templated":true}]}}